{"id":8629,"date":"2014-12-09T18:22:16","date_gmt":"2014-12-09T17:22:16","guid":{"rendered":"http:\/\/www.opalelongecote.fr\/?page_id=8629"},"modified":"2015-12-05T08:01:56","modified_gmt":"2015-12-05T07:01:56","slug":"les-corsaires-dunkerquois","status":"publish","type":"page","link":"https:\/\/www.opalelongecote.fr\/index2.php\/les-corsaires-dunkerquois\/","title":{"rendered":"Les Corsaires Dunkerquois"},"content":{"rendered":"<h3>Janvier 2014: Le d\u00e9but d&rsquo;une grande aventure et d&rsquo;une tr\u00e8s belle amiti\u00e9<\/h3>\n<p>Entre une petite fille Opale Longe C\u00f4te et une illustre Grande Dame,\u00a0 L&rsquo;association des \u00ab\u00a0Corsaires Dunkerquois \u00a0\u00bb et comme souvent chez nous \u00e7\u00e0 commence en <a href=\"http:\/\/www.opalelongecote.fr\/wp-content\/uploads\/2014\/12\/chanson-Longe-cote-Corsaires.pdf\">chansons.<\/a><\/p>\n<p><iframe title=\"Le longe c\u00f4te par les Corsaires Dunkerquois et leurs amis\" width=\"500\" height=\"281\" data-src=\"https:\/\/www.youtube.com\/embed\/nq3jwrNl_Rc?feature=oembed\" frameborder=\"0\" allow=\"accelerometer; autoplay; clipboard-write; encrypted-media; gyroscope; picture-in-picture; web-share\" referrerpolicy=\"strict-origin-when-cross-origin\" allowfullscreen src=\"data:image\/svg+xml;base64,PHN2ZyB3aWR0aD0iMSIgaGVpZ2h0PSIxIiB4bWxucz0iaHR0cDovL3d3dy53My5vcmcvMjAwMC9zdmciPjwvc3ZnPg==\" class=\"lazyload\" data-load-mode=\"1\"><\/iframe><\/p>\n<h3>Longecotiens&#8230;.<\/h3>\n<p>M\u00e9lange euh d&rsquo;longeur (personne tr\u00e8s s\u00e9rieuse qui fait du longe c\u00f4te!) et de batracien ou de martien on n&rsquo;sait pas trop, un Vent&rsquo;che qui aurait pris un Saur!\u00a0 Hareng pour sur&#8230;.<\/p>\n<h3>Et maintenant on va voir pleins d&rsquo;Papillons d&rsquo;Mer&#8230;<\/h3>\n<p>Chim\u00e8res sorties tout droit du creuset de nos valeurs communes et sur lequel de Grands PROUT * ont souffl\u00e9.<\/p>\n<p>D\u00e9couvrir le programme\u00a0 <a href=\"http:\/\/www.opalelongecote.fr\/wp-content\/uploads\/2014\/12\/Papillonsde-Mers2015diffusion.pdf\">Papillons de Mers 2015<\/a>, Rendez-vous le 21 Mars a 10h sur la plage de Malo pour les premiers envols.<\/p>\n<h3>\u00ab\u00a0Tout le monde sur le pont et bout&rsquo; \u00e0 la Lame\u00a0\u00bb , \u00ab\u00a0Contre les vagues \u00e0 l\u2019\u00c2me, contre la diff\u00e8rence, l&rsquo;indiff\u00e8rence.\u00a0\u00bb<\/h3>\n<p>&nbsp;<\/p>\n<p><a href=\"http:\/\/www.les-corsaires-dunkerquois.com\/\"> Site des Corsaires Dunkerquois<\/a>\u00a0\u00a0\u00a0\u00a0<a href=\"http:\/\/www.ddolesprout.fr\/\"> Site des Prout<\/a><\/p>\n<p><a href=\"http:\/\/www.les-corsaires-dunkerquois.com\/\"><img decoding=\"async\" class=\"alignnone wp-image-8648 lazyload\" data-src=\"http:\/\/www.opalelongecote.fr\/wp-content\/uploads\/2014\/12\/Corsaires.jpg\" alt=\"Corsaires\" width=\"202\" height=\"165\" data-srcset=\"https:\/\/www.opalelongecote.fr\/wp-content\/uploads\/2014\/12\/Corsaires.jpg 218w, https:\/\/www.opalelongecote.fr\/wp-content\/uploads\/2014\/12\/Corsaires-183x150.jpg 183w, https:\/\/www.opalelongecote.fr\/wp-content\/uploads\/2014\/12\/Corsaires-150x122.jpg 150w\" data-sizes=\"(max-width: 202px) 100vw, 202px\" src=\"data:image\/svg+xml;base64,PHN2ZyB3aWR0aD0iMSIgaGVpZ2h0PSIxIiB4bWxucz0iaHR0cDovL3d3dy53My5vcmcvMjAwMC9zdmciPjwvc3ZnPg==\" style=\"--smush-placeholder-width: 202px; --smush-placeholder-aspect-ratio: 202\/165;\" \/><\/a>\u00a0\u00a0\u00a0 <a href=\"http:\/\/www.ddolesprout.fr\/\"><img decoding=\"async\" class=\"alignnone wp-image-9438 lazyload\" data-src=\"http:\/\/www.opalelongecote.fr\/wp-content\/uploads\/2014\/12\/LogoProuts20-300x167.jpg\" alt=\"LogoProuts20\" width=\"293\" height=\"163\" data-srcset=\"https:\/\/www.opalelongecote.fr\/wp-content\/uploads\/2014\/12\/LogoProuts20-300x167.jpg 300w, https:\/\/www.opalelongecote.fr\/wp-content\/uploads\/2014\/12\/LogoProuts20-510x285.jpg 510w, https:\/\/www.opalelongecote.fr\/wp-content\/uploads\/2014\/12\/LogoProuts20-600x335.jpg 600w, https:\/\/www.opalelongecote.fr\/wp-content\/uploads\/2014\/12\/LogoProuts20-250x139.jpg 250w, https:\/\/www.opalelongecote.fr\/wp-content\/uploads\/2014\/12\/LogoProuts20-150x83.jpg 150w, https:\/\/www.opalelongecote.fr\/wp-content\/uploads\/2014\/12\/LogoProuts20.jpg 674w\" data-sizes=\"(max-width: 293px) 100vw, 293px\" src=\"data:image\/svg+xml;base64,PHN2ZyB3aWR0aD0iMSIgaGVpZ2h0PSIxIiB4bWxucz0iaHR0cDovL3d3dy53My5vcmcvMjAwMC9zdmciPjwvc3ZnPg==\" style=\"--smush-placeholder-width: 293px; --smush-placeholder-aspect-ratio: 293\/163;\" \/><\/a><a href=\"http:\/\/www.opalelongecote.fr\/wp-content\/uploads\/2014\/12\/DDO.jpg\"><img decoding=\"async\" class=\"alignnone wp-image-9439 lazyload\" data-src=\"http:\/\/www.opalelongecote.fr\/wp-content\/uploads\/2014\/12\/DDO.jpg\" alt=\"DDO\" width=\"199\" height=\"165\" data-srcset=\"https:\/\/www.opalelongecote.fr\/wp-content\/uploads\/2014\/12\/DDO.jpg 220w, https:\/\/www.opalelongecote.fr\/wp-content\/uploads\/2014\/12\/DDO-181x150.jpg 181w, https:\/\/www.opalelongecote.fr\/wp-content\/uploads\/2014\/12\/DDO-150x124.jpg 150w\" data-sizes=\"(max-width: 199px) 100vw, 199px\" src=\"data:image\/svg+xml;base64,PHN2ZyB3aWR0aD0iMSIgaGVpZ2h0PSIxIiB4bWxucz0iaHR0cDovL3d3dy53My5vcmcvMjAwMC9zdmciPjwvc3ZnPg==\" style=\"--smush-placeholder-width: 199px; --smush-placeholder-aspect-ratio: 199\/165;\" \/><\/a><\/p>\n<p>&nbsp;<\/p>\n<p>* Cause que des touristes vont lire c&rsquo;t&rsquo;article, faut pr\u00e9ciser que les Prouts sont des z&rsquo;Artistes qui font des concerts et qui donnent leurs cachets(vu que pour l&rsquo;mal de t\u00eate ils pr\u00e9f\u00e8rent d\u00e9finitivement la pinte&#8230;) pour de bonnes causes et que c&rsquo;est comme \u00e7a, pour partie,\u00a0 qu&rsquo;avec l&rsquo;fumet y&rsquo;a du lard&#8230;.<\/p>\n","protected":false},"excerpt":{"rendered":"<p>Janvier 2014: Le d\u00e9but d&rsquo;une grande aventure et d&rsquo;une tr\u00e8s belle amiti\u00e9 Entre une petite fille Opale Longe C\u00f4te et une illustre Grande Dame,\u00a0 L&rsquo;association des \u00ab\u00a0Corsaires Dunkerquois \u00a0\u00bb et comme souvent chez nous \u00e7\u00e0 commence en chansons. Longecotiens&#8230;. M\u00e9lange euh d&rsquo;longeur (personne tr\u00e8s s\u00e9rieuse qui fait du longe c\u00f4te!) et de batracien ou de [&hellip;]<\/p>\n","protected":false},"author":2,"featured_media":0,"parent":0,"menu_order":0,"comment_status":"closed","ping_status":"closed","template":"","meta":{"footnotes":""},"class_list":["post-8629","page","type-page","status-publish","hentry"],"_links":{"self":[{"href":"https:\/\/www.opalelongecote.fr\/index2.php\/wp-json\/wp\/v2\/pages\/8629","targetHints":{"allow":["GET"]}}],"collection":[{"href":"https:\/\/www.opalelongecote.fr\/index2.php\/wp-json\/wp\/v2\/pages"}],"about":[{"href":"https:\/\/www.opalelongecote.fr\/index2.php\/wp-json\/wp\/v2\/types\/page"}],"author":[{"embeddable":true,"href":"https:\/\/www.opalelongecote.fr\/index2.php\/wp-json\/wp\/v2\/users\/2"}],"replies":[{"embeddable":true,"href":"https:\/\/www.opalelongecote.fr\/index2.php\/wp-json\/wp\/v2\/comments?post=8629"}],"version-history":[{"count":31,"href":"https:\/\/www.opalelongecote.fr\/index2.php\/wp-json\/wp\/v2\/pages\/8629\/revisions"}],"predecessor-version":[{"id":10490,"href":"https:\/\/www.opalelongecote.fr\/index2.php\/wp-json\/wp\/v2\/pages\/8629\/revisions\/10490"}],"wp:attachment":[{"href":"https:\/\/www.opalelongecote.fr\/index2.php\/wp-json\/wp\/v2\/media?parent=8629"}],"curies":[{"name":"wp","href":"https:\/\/api.w.org\/{rel}","templated":true}]}}