{"id":8626,"date":"2014-12-08T20:10:28","date_gmt":"2014-12-08T19:10:28","guid":{"rendered":"http:\/\/www.opalelongecote.fr\/?page_id=8626"},"modified":"2023-12-11T02:01:09","modified_gmt":"2023-12-11T01:01:09","slug":"partenaires","status":"publish","type":"page","link":"https:\/\/www.opalelongecote.fr\/index2.php\/partenaires\/","title":{"rendered":"Partenaires"},"content":{"rendered":"<p>Si les fondements d&rsquo;une association reposent sur ses b\u00e9n\u00e9voles et ses adh\u00e9rents, l&rsquo;aventure n&rsquo;est possible, p\u00e9renne et surtout accessible \u00e0 tous que par l&rsquo;implication des institutions publiques, l&rsquo;intervention de Fondations, d&rsquo;associations philanthropiques voire de partenaires priv\u00e9s.<\/p>\n<p>Gr\u00e2ce \u00e0 ses&nbsp; bases solides, ses soutiens notre association s&rsquo;oriente aujourd&rsquo;hui vers une nouvelle forme d&rsquo;organisation et de d\u00e9veloppement g\u00e9n\u00e9ratrice de d\u00e9veloppement social, \u00e9conomique et touristique.<\/p>\n<p>D\u00e9fendons ensemble nos valeurs et notre Littoral.<\/p>\n<h3>Minist\u00e8re \/ F\u00e9d\u00e9ration<\/h3>\n<p><a href=\"http:\/\/www.opalelongecote.fr\/wp-content\/uploads\/2014\/12\/AgrementJS.jpg\"><img decoding=\"async\" class=\"alignnone wp-image-8637 lazyload\" data-src=\"http:\/\/www.opalelongecote.fr\/wp-content\/uploads\/2014\/12\/AgrementJS-300x94.jpg\" alt=\"AgrementJS\" width=\"223\" height=\"70\" data-srcset=\"https:\/\/www.opalelongecote.fr\/wp-content\/uploads\/2014\/12\/AgrementJS-300x94.jpg 300w, https:\/\/www.opalelongecote.fr\/wp-content\/uploads\/2014\/12\/AgrementJS-250x78.jpg 250w, https:\/\/www.opalelongecote.fr\/wp-content\/uploads\/2014\/12\/AgrementJS-150x47.jpg 150w, https:\/\/www.opalelongecote.fr\/wp-content\/uploads\/2014\/12\/AgrementJS.jpg 428w\" data-sizes=\"(max-width: 223px) 100vw, 223px\" src=\"data:image\/svg+xml;base64,PHN2ZyB3aWR0aD0iMSIgaGVpZ2h0PSIxIiB4bWxucz0iaHR0cDovL3d3dy53My5vcmcvMjAwMC9zdmciPjwvc3ZnPg==\" style=\"--smush-placeholder-width: 223px; --smush-placeholder-aspect-ratio: 223\/70;\" \/><\/a> &nbsp; &nbsp; &nbsp; &nbsp; &nbsp; &nbsp; &nbsp; &nbsp; &nbsp; &nbsp; &nbsp; &nbsp; &nbsp; &nbsp; &nbsp; &nbsp; &nbsp; &nbsp;&nbsp; <a href=\"http:\/\/www.opalelongecote.fr\/wp-content\/uploads\/2014\/12\/logoFFESSM.jpg\"><img decoding=\"async\" class=\"alignnone wp-image-8635 lazyload\" data-src=\"http:\/\/www.opalelongecote.fr\/wp-content\/uploads\/2014\/12\/logoFFESSM-300x77.jpg\" alt=\"logoFFESSM\" width=\"233\" height=\"60\" data-srcset=\"https:\/\/www.opalelongecote.fr\/wp-content\/uploads\/2014\/12\/logoFFESSM-300x77.jpg 300w, https:\/\/www.opalelongecote.fr\/wp-content\/uploads\/2014\/12\/logoFFESSM-250x64.jpg 250w, https:\/\/www.opalelongecote.fr\/wp-content\/uploads\/2014\/12\/logoFFESSM-150x38.jpg 150w, https:\/\/www.opalelongecote.fr\/wp-content\/uploads\/2014\/12\/logoFFESSM.jpg 505w\" data-sizes=\"(max-width: 233px) 100vw, 233px\" src=\"data:image\/svg+xml;base64,PHN2ZyB3aWR0aD0iMSIgaGVpZ2h0PSIxIiB4bWxucz0iaHR0cDovL3d3dy53My5vcmcvMjAwMC9zdmciPjwvc3ZnPg==\" style=\"--smush-placeholder-width: 233px; --smush-placeholder-aspect-ratio: 233\/60;\" \/><\/a><\/p>\n<p>Association agr\u00e9\u00e9e Jeunesse et Sport depuis 2007 \/&nbsp; &nbsp; Membre de la FFESSM depuis Decembre 2014 \/ Arr\u00eat\u00e9 Municipal de pratique 24 Juin 2009&nbsp; ( <a href=\"http:\/\/www.opalelongecote.fr\/wp-content\/uploads\/2014\/12\/arrete_municipal_dk.pdf\">arrete_municipal_dk<\/a> <a href=\"https:\/\/www.hastmannen.com\/utstallning\/\">get this deal<\/a><a href=\"https:\/\/www.romorexhibitions.co.uk\/calendar\/\">https:\/\/www.romorexhibitions.co.uk\/calendar<\/a>)<\/p>\n<h3>R\u00e9gions \/ d\u00e9partements \/ Ville<\/h3>\n<p><a href=\"http:\/\/www.opalelongecote.fr\/wp-content\/uploads\/2014\/12\/Dunkerque.jpg\"><img decoding=\"async\" class=\"alignnone wp-image-8650 lazyload\" data-src=\"http:\/\/www.opalelongecote.fr\/wp-content\/uploads\/2014\/12\/Dunkerque.jpg\" alt=\"Dunkerque\" width=\"215\" height=\"94\" src=\"data:image\/svg+xml;base64,PHN2ZyB3aWR0aD0iMSIgaGVpZ2h0PSIxIiB4bWxucz0iaHR0cDovL3d3dy53My5vcmcvMjAwMC9zdmciPjwvc3ZnPg==\" style=\"--smush-placeholder-width: 215px; --smush-placeholder-aspect-ratio: 215\/94;\"><\/a><\/p>\n<p>Institutions \/ Partenaires<\/p>\n<p><a href=\"http:\/\/www.opalelongecote.fr\/wp-content\/uploads\/2014\/12\/Corsaires.jpg\"><img decoding=\"async\" class=\"alignnone wp-image-8648 lazyload\" data-src=\"http:\/\/www.opalelongecote.fr\/wp-content\/uploads\/2014\/12\/Corsaires.jpg\" alt=\"Corsaires\" width=\"93\" height=\"76\" data-srcset=\"https:\/\/www.opalelongecote.fr\/wp-content\/uploads\/2014\/12\/Corsaires.jpg 218w, https:\/\/www.opalelongecote.fr\/wp-content\/uploads\/2014\/12\/Corsaires-183x150.jpg 183w, https:\/\/www.opalelongecote.fr\/wp-content\/uploads\/2014\/12\/Corsaires-150x122.jpg 150w\" data-sizes=\"(max-width: 93px) 100vw, 93px\" src=\"data:image\/svg+xml;base64,PHN2ZyB3aWR0aD0iMSIgaGVpZ2h0PSIxIiB4bWxucz0iaHR0cDovL3d3dy53My5vcmcvMjAwMC9zdmciPjwvc3ZnPg==\" style=\"--smush-placeholder-width: 93px; --smush-placeholder-aspect-ratio: 93\/76;\" \/><\/a>&nbsp;&nbsp;&nbsp;&nbsp;&nbsp;&nbsp; En 2014, Les Corsaires Dunkerquois<\/p>\n","protected":false},"excerpt":{"rendered":"<p>Si les fondements d&rsquo;une association reposent sur ses b\u00e9n\u00e9voles et ses adh\u00e9rents, l&rsquo;aventure n&rsquo;est possible, p\u00e9renne et surtout accessible \u00e0 tous que par l&rsquo;implication des institutions publiques, l&rsquo;intervention de Fondations, d&rsquo;associations philanthropiques voire de partenaires priv\u00e9s. Gr\u00e2ce \u00e0 ses&nbsp; bases solides, ses soutiens notre association s&rsquo;oriente aujourd&rsquo;hui vers une nouvelle forme d&rsquo;organisation et de d\u00e9veloppement [&hellip;]<\/p>\n","protected":false},"author":2,"featured_media":0,"parent":0,"menu_order":0,"comment_status":"closed","ping_status":"closed","template":"","meta":{"footnotes":""},"class_list":["post-8626","page","type-page","status-publish","hentry"],"_links":{"self":[{"href":"https:\/\/www.opalelongecote.fr\/index2.php\/wp-json\/wp\/v2\/pages\/8626","targetHints":{"allow":["GET"]}}],"collection":[{"href":"https:\/\/www.opalelongecote.fr\/index2.php\/wp-json\/wp\/v2\/pages"}],"about":[{"href":"https:\/\/www.opalelongecote.fr\/index2.php\/wp-json\/wp\/v2\/types\/page"}],"author":[{"embeddable":true,"href":"https:\/\/www.opalelongecote.fr\/index2.php\/wp-json\/wp\/v2\/users\/2"}],"replies":[{"embeddable":true,"href":"https:\/\/www.opalelongecote.fr\/index2.php\/wp-json\/wp\/v2\/comments?post=8626"}],"version-history":[{"count":9,"href":"https:\/\/www.opalelongecote.fr\/index2.php\/wp-json\/wp\/v2\/pages\/8626\/revisions"}],"predecessor-version":[{"id":30869,"href":"https:\/\/www.opalelongecote.fr\/index2.php\/wp-json\/wp\/v2\/pages\/8626\/revisions\/30869"}],"wp:attachment":[{"href":"https:\/\/www.opalelongecote.fr\/index2.php\/wp-json\/wp\/v2\/media?parent=8626"}],"curies":[{"name":"wp","href":"https:\/\/api.w.org\/{rel}","templated":true}]}}