{"id":488,"date":"2013-11-19T09:37:53","date_gmt":"2013-11-19T08:37:53","guid":{"rendered":"http:\/\/www.opalelongecote.fr\/?page_id=488"},"modified":"2025-05-09T15:02:28","modified_gmt":"2025-05-09T13:02:28","slug":"mentions-legales","status":"publish","type":"page","link":"https:\/\/www.opalelongecote.fr\/index2.php\/mentions-legales\/","title":{"rendered":"Mentions L\u00e9gales"},"content":{"rendered":"\n<h2 class=\"wp-block-heading\" data-block-type=\"core\">\u00c9diteur du site<\/h2>\n\n\n\n<p class=\"has-medium-font-size\" data-block-type=\"core\"><strong>Nom du site<\/strong> : www.opalelongecote.fr<br><strong>Responsable de la publication<\/strong> : Jean Paul Gokelaere<br><strong>Adresse<\/strong> : 16 Rue Roger Salengro, 59495 Leffrinckoucke<br><strong>T\u00e9l\u00e9phone<\/strong> : 07 78 14 47 57<br><strong>Adresse e-mail<\/strong> : <a href=\"mailto:contact@opalelongecote.fr\">contact@opalelongecote.fr<\/a><br><strong>Statut juridique<\/strong> : Association<br><em><strong>Cr\u00e9dit Photo :<br><\/strong><\/em>Brice Van Zeg<\/p>\n\n\n\n<h2 class=\"wp-block-heading\" data-block-type=\"core\">H\u00e9bergement<\/h2>\n\n\n\n<p class=\"has-medium-font-size\" data-block-type=\"core\">Le site est h\u00e9berg\u00e9 par :<br><strong>OVH SAS<\/strong><br>2 rue Kellermann \u2013 59100 Roubaix \u2013 France<br>Site web : <a href=\"https:\/\/www.ovh.com\" target=\"_blank\" rel=\"noreferrer noopener\">www.ovh.com<\/a><br>T\u00e9l\u00e9phone : 1007<\/p>\n\n\n\n<h2 class=\"wp-block-heading\" data-block-type=\"core\">Propri\u00e9t\u00e9 intellectuelle<\/h2>\n\n\n\n<p class=\"has-medium-font-size\" data-block-type=\"core\">Le contenu du site est prot\u00e9g\u00e9 par les lois en vigueur sur la propri\u00e9t\u00e9 intellectuelle. Toute reproduction, m\u00eame partielle, est interdite sans autorisation pr\u00e9alable \u00e9crite.<\/p>\n\n\n\n<h2 class=\"wp-block-heading\" data-block-type=\"core\">Donn\u00e9es personnelles<\/h2>\n\n\n\n<p class=\"has-medium-font-size\" data-block-type=\"core\">Conform\u00e9ment au RGPD, vous disposez d\u2019un droit d\u2019acc\u00e8s, de rectification et de suppression de vos donn\u00e9es. Pour toute demande : <a href=\"mailto:contact@votresite.fr\">contact@votresite.fr<\/a><\/p>\n\n\n\n<h2 class=\"wp-block-heading\" data-block-type=\"core\">Cookies<\/h2>\n\n\n\n<p class=\"has-medium-font-size\" data-block-type=\"core\">Ce site utilise des cookies pour am\u00e9liorer votre exp\u00e9rience. Vous pouvez les refuser dans les param\u00e8tres de votre navigateur ou via la banni\u00e8re de consentement affich\u00e9e \u00e0 la premi\u00e8re visite.\u00a0<\/p>\n","protected":false},"excerpt":{"rendered":"<p>\u00c9diteur du site Nom du site : www.opalelongecote.frResponsable de la publication : Jean Paul GokelaereAdresse : 16 Rue Roger Salengro, 59495 LeffrinckouckeT\u00e9l\u00e9phone : 07 78 14 47 57Adresse e-mail : contact@opalelongecote.frStatut juridique : AssociationCr\u00e9dit Photo :Brice Van Zeg H\u00e9bergement Le site est h\u00e9berg\u00e9 par :OVH SAS2 rue Kellermann \u2013 59100 Roubaix \u2013 FranceSite web : [&hellip;]<\/p>\n","protected":false},"author":1,"featured_media":0,"parent":0,"menu_order":0,"comment_status":"closed","ping_status":"closed","template":"","meta":{"footnotes":""},"class_list":["post-488","page","type-page","status-publish","hentry"],"_links":{"self":[{"href":"https:\/\/www.opalelongecote.fr\/index2.php\/wp-json\/wp\/v2\/pages\/488","targetHints":{"allow":["GET"]}}],"collection":[{"href":"https:\/\/www.opalelongecote.fr\/index2.php\/wp-json\/wp\/v2\/pages"}],"about":[{"href":"https:\/\/www.opalelongecote.fr\/index2.php\/wp-json\/wp\/v2\/types\/page"}],"author":[{"embeddable":true,"href":"https:\/\/www.opalelongecote.fr\/index2.php\/wp-json\/wp\/v2\/users\/1"}],"replies":[{"embeddable":true,"href":"https:\/\/www.opalelongecote.fr\/index2.php\/wp-json\/wp\/v2\/comments?post=488"}],"version-history":[{"count":4,"href":"https:\/\/www.opalelongecote.fr\/index2.php\/wp-json\/wp\/v2\/pages\/488\/revisions"}],"predecessor-version":[{"id":31225,"href":"https:\/\/www.opalelongecote.fr\/index2.php\/wp-json\/wp\/v2\/pages\/488\/revisions\/31225"}],"wp:attachment":[{"href":"https:\/\/www.opalelongecote.fr\/index2.php\/wp-json\/wp\/v2\/media?parent=488"}],"curies":[{"name":"wp","href":"https:\/\/api.w.org\/{rel}","templated":true}]}}