{"id":459,"date":"2022-03-12T10:05:06","date_gmt":"2022-03-12T10:05:06","guid":{"rendered":"https:\/\/startersites.io\/stagingfive\/?page_id=459"},"modified":"2025-05-13T17:03:56","modified_gmt":"2025-05-13T15:03:56","slug":"home","status":"publish","type":"page","link":"https:\/\/www.opalelongecote.fr\/index2.php\/","title":{"rendered":""},"content":{"rendered":"\n<div class=\"wp-block-stackable-columns alignwide stk-block-columns stk-block stk-aeb7dcc\" data-block-id=\"aeb7dcc\"><style>.stk-aeb7dcc-column{--stk-column-gap:0px !important;justify-content:flex-end !important;}<\/style><div class=\"stk-row stk-inner-blocks has-text-align-left stk-block-content stk-content-align stk-aeb7dcc-column stk--flex alignwide\">\n<div class=\"wp-block-stackable-column stk-block-column stk-column stk-block stk-8ece0e2\" data-v=\"4\" data-block-id=\"8ece0e2\"><style>.stk-8ece0e2-container{min-height:0px !important;max-width:1500px !important;min-width:auto !important;margin-right:auto !important;margin-left:auto !important;}<\/style><div class=\"stk-column-wrapper stk-block-column__content stk-container stk-8ece0e2-container stk--no-background stk--no-padding\"><div class=\"stk-block-content stk-inner-blocks stk-8ece0e2-inner-blocks\">\n<div class=\"wp-block-stackable-carousel stk-block-carousel stk--is-fade stk--arrows-justify-space-between stk--arrows-align-center stk-block stk-ed7e0cb\" data-slides-to-show=\"\" data-block-id=\"ed7e0cb\"><style>.stk-ed7e0cb {max-width:80% !important;min-width:auto !important;padding-top:0px !important;padding-right:0px !important;padding-bottom:0px !important;padding-left:0px !important;margin-right:auto !important;margin-left:auto !important;}<\/style><div class=\"stk-block-carousel__content-wrapper\"><div class=\"stk-row stk-inner-blocks stk-block-content stk-block-carousel__slider-wrapper stk-content-align stk-ed7e0cb-column alignwide\"><div class=\"stk-block-carousel__slider\" role=\"list\" data-autoplay=\"4000\" data-label-slide-of=\"Slide %%d of %%d\">\n<div class=\"wp-block-stackable-column stk-block-column stk-column stk-block stk-0df60fa\" data-v=\"4\" data-block-id=\"0df60fa\"><div class=\"stk-column-wrapper stk-block-column__content stk-container stk-0df60fa-container stk--no-background stk--no-padding\"><div class=\"stk-block-content stk-inner-blocks stk-0df60fa-inner-blocks\">\n<div class=\"wp-block-cover has-medium-font-size has-aspect-ratio\" style=\"border-style:none;border-width:0px;margin-top:0;margin-bottom:0;padding-top:0;padding-bottom:0;aspect-ratio:16\/9;min-height:unset;\" data-block-type=\"core\"><img decoding=\"async\" width=\"510\" height=\"287\" class=\"wp-block-cover__image-background wp-image-28274 size-large lazyload\" alt=\"\" data-src=\"https:\/\/www.opalelongecote.fr\/wp-content\/uploads\/2021\/02\/20210214_104003-510x287.jpg\" data-object-fit=\"cover\" data-srcset=\"https:\/\/www.opalelongecote.fr\/wp-content\/uploads\/2021\/02\/20210214_104003-510x287.jpg 510w, https:\/\/www.opalelongecote.fr\/wp-content\/uploads\/2021\/02\/20210214_104003-300x169.jpg 300w, https:\/\/www.opalelongecote.fr\/wp-content\/uploads\/2021\/02\/20210214_104003-768x432.jpg 768w, https:\/\/www.opalelongecote.fr\/wp-content\/uploads\/2021\/02\/20210214_104003-600x338.jpg 600w, https:\/\/www.opalelongecote.fr\/wp-content\/uploads\/2021\/02\/20210214_104003-1536x864.jpg 1536w, https:\/\/www.opalelongecote.fr\/wp-content\/uploads\/2021\/02\/20210214_104003-2048x1152.jpg 2048w, https:\/\/www.opalelongecote.fr\/wp-content\/uploads\/2021\/02\/20210214_104003-71x40.jpg 71w\" data-sizes=\"(max-width: 510px) 100vw, 510px\" src=\"data:image\/svg+xml;base64,PHN2ZyB3aWR0aD0iMSIgaGVpZ2h0PSIxIiB4bWxucz0iaHR0cDovL3d3dy53My5vcmcvMjAwMC9zdmciPjwvc3ZnPg==\" style=\"--smush-placeholder-width: 510px; --smush-placeholder-aspect-ratio: 510\/287;\" \/><span aria-hidden=\"true\" class=\"wp-block-cover__background has-background-dim-20 has-background-dim\"><\/span><div class=\"wp-block-cover__inner-container has-global-padding is-layout-constrained wp-container-core-cover-is-layout-8fa7daa9 wp-block-cover-is-layout-constrained\">\n<p class=\"has-text-align-center has-large-font-size\" data-block-type=\"core\"><span style=\"color: var(--theme-palette-color-8, #ffffff);\" class=\"stk-highlight\">Contre les vagues \u00e0 l&rsquo;\u00c2me, la diff\u00e9rence, l&rsquo;indiff\u00e9rence.<\/span><\/p>\n\n\n\n<p class=\"has-text-align-center has-large-font-size\" data-block-type=\"core\"><\/p>\n<\/div><\/div>\n<\/div><\/div><\/div>\n\n\n\n<div class=\"wp-block-stackable-column stk-block-column stk-column stk-block stk-8cad0b2\" data-v=\"4\" data-block-id=\"8cad0b2\"><div class=\"stk-column-wrapper stk-block-column__content stk-container stk-8cad0b2-container stk--no-background stk--no-padding\"><div class=\"stk-block-content stk-inner-blocks stk-8cad0b2-inner-blocks\">\n<div class=\"wp-block-cover\" data-block-type=\"core\"><img decoding=\"async\" width=\"510\" height=\"287\" class=\"wp-block-cover__image-background wp-image-29839 lazyload\" alt=\"\" data-src=\"https:\/\/www.opalelongecote.fr\/wp-content\/uploads\/2023\/08\/2022-08-14-04-510x287.jpg\" data-object-fit=\"cover\" data-srcset=\"https:\/\/www.opalelongecote.fr\/wp-content\/uploads\/2023\/08\/2022-08-14-04-510x287.jpg 510w, https:\/\/www.opalelongecote.fr\/wp-content\/uploads\/2023\/08\/2022-08-14-04-300x169.jpg 300w, https:\/\/www.opalelongecote.fr\/wp-content\/uploads\/2023\/08\/2022-08-14-04-768x432.jpg 768w, https:\/\/www.opalelongecote.fr\/wp-content\/uploads\/2023\/08\/2022-08-14-04-600x338.jpg 600w, https:\/\/www.opalelongecote.fr\/wp-content\/uploads\/2023\/08\/2022-08-14-04-1536x864.jpg 1536w, https:\/\/www.opalelongecote.fr\/wp-content\/uploads\/2023\/08\/2022-08-14-04-71x40.jpg 71w, https:\/\/www.opalelongecote.fr\/wp-content\/uploads\/2023\/08\/2022-08-14-04-1320x743.jpg 1320w, https:\/\/www.opalelongecote.fr\/wp-content\/uploads\/2023\/08\/2022-08-14-04.jpg 1920w\" data-sizes=\"(max-width: 510px) 100vw, 510px\" src=\"data:image\/svg+xml;base64,PHN2ZyB3aWR0aD0iMSIgaGVpZ2h0PSIxIiB4bWxucz0iaHR0cDovL3d3dy53My5vcmcvMjAwMC9zdmciPjwvc3ZnPg==\" style=\"--smush-placeholder-width: 510px; --smush-placeholder-aspect-ratio: 510\/287;\" \/><span aria-hidden=\"true\" class=\"wp-block-cover__background has-background-dim\"><\/span><div class=\"wp-block-cover__inner-container is-layout-flow wp-block-cover-is-layout-flow\">\n<p class=\"has-text-align-center has-large-font-size\" data-block-type=\"core\"><span style=\"color: var(--theme-palette-color-8, #ffffff);\" class=\"stk-highlight\">Contre les vagues \u00e0 l&rsquo;\u00c2me, la diff\u00e9rence, l&rsquo;indiff\u00e9rence.<\/span><\/p>\n<\/div><\/div>\n<\/div><\/div><\/div>\n\n\n\n<div class=\"wp-block-stackable-column stk-block-column stk-column stk-block stk-900d09b\" data-v=\"4\" data-block-id=\"900d09b\"><div class=\"stk-column-wrapper stk-block-column__content stk-container stk-900d09b-container stk--no-background stk--no-padding\"><div class=\"stk-block-content stk-inner-blocks stk-900d09b-inner-blocks\">\n<div class=\"wp-block-cover is-light\" data-block-type=\"core\"><img decoding=\"async\" width=\"1024\" height=\"1024\" class=\"wp-block-cover__image-background wp-image-31193 size-large lazyload\" alt=\"\" data-src=\"https:\/\/www.opalelongecote.fr\/wp-content\/uploads\/2025\/05\/OLC-2021-05-23-1024x1024.jpg\" data-object-fit=\"cover\" data-srcset=\"https:\/\/www.opalelongecote.fr\/wp-content\/uploads\/2025\/05\/OLC-2021-05-23-1024x1024.jpg 1024w, https:\/\/www.opalelongecote.fr\/wp-content\/uploads\/2025\/05\/OLC-2021-05-23-300x300.jpg 300w, https:\/\/www.opalelongecote.fr\/wp-content\/uploads\/2025\/05\/OLC-2021-05-23-150x150.jpg 150w, https:\/\/www.opalelongecote.fr\/wp-content\/uploads\/2025\/05\/OLC-2021-05-23-768x768.jpg 768w\" data-sizes=\"(max-width: 1024px) 100vw, 1024px\" src=\"data:image\/svg+xml;base64,PHN2ZyB3aWR0aD0iMSIgaGVpZ2h0PSIxIiB4bWxucz0iaHR0cDovL3d3dy53My5vcmcvMjAwMC9zdmciPjwvc3ZnPg==\" style=\"--smush-placeholder-width: 1024px; --smush-placeholder-aspect-ratio: 1024\/1024;\" \/><span aria-hidden=\"true\" class=\"wp-block-cover__background has-background-dim\" style=\"background-color:#867e8b\"><\/span><div class=\"wp-block-cover__inner-container is-layout-flow wp-block-cover-is-layout-flow\">\n<p class=\"has-text-align-center has-large-font-size\" data-block-type=\"core\"><span style=\"color: var(--theme-palette-color-8, #ffffff);\" class=\"stk-highlight\">Contre les vagues \u00e0 l&rsquo;\u00c2me, la diff\u00e9rence, l&rsquo;indiff\u00e9rence.<\/span><\/p>\n<\/div><\/div>\n<\/div><\/div><\/div>\n\n\n\n<div class=\"wp-block-stackable-column stk-block-column stk-column stk-block stk-1e2eda4\" data-v=\"4\" data-block-id=\"1e2eda4\"><div class=\"stk-column-wrapper stk-block-column__content stk-container stk-1e2eda4-container stk--no-background stk--no-padding\"><div class=\"stk-block-content stk-inner-blocks stk-1e2eda4-inner-blocks\">\n<div class=\"wp-block-cover\" data-block-type=\"core\"><img decoding=\"async\" width=\"1024\" height=\"1024\" class=\"wp-block-cover__image-background wp-image-31194 size-large lazyload\" alt=\"\" data-src=\"https:\/\/www.opalelongecote.fr\/wp-content\/uploads\/2025\/05\/OLC-2023-04-13-24-1024x1024.jpg\" data-object-fit=\"cover\" data-srcset=\"https:\/\/www.opalelongecote.fr\/wp-content\/uploads\/2025\/05\/OLC-2023-04-13-24-1024x1024.jpg 1024w, https:\/\/www.opalelongecote.fr\/wp-content\/uploads\/2025\/05\/OLC-2023-04-13-24-300x300.jpg 300w, https:\/\/www.opalelongecote.fr\/wp-content\/uploads\/2025\/05\/OLC-2023-04-13-24-150x150.jpg 150w, https:\/\/www.opalelongecote.fr\/wp-content\/uploads\/2025\/05\/OLC-2023-04-13-24-768x768.jpg 768w\" data-sizes=\"(max-width: 1024px) 100vw, 1024px\" src=\"data:image\/svg+xml;base64,PHN2ZyB3aWR0aD0iMSIgaGVpZ2h0PSIxIiB4bWxucz0iaHR0cDovL3d3dy53My5vcmcvMjAwMC9zdmciPjwvc3ZnPg==\" style=\"--smush-placeholder-width: 1024px; --smush-placeholder-aspect-ratio: 1024\/1024;\" \/><span aria-hidden=\"true\" class=\"wp-block-cover__background has-background-dim\" style=\"background-color:#6176a1\"><\/span><div class=\"wp-block-cover__inner-container is-layout-flow wp-block-cover-is-layout-flow\">\n<p class=\"has-text-align-center has-large-font-size\" data-block-type=\"core\"><span style=\"color: var(--theme-palette-color-8, #ffffff);\" class=\"stk-highlight\">Contre les vagues \u00e0 l&rsquo;\u00c2me, la diff\u00e9rence, l&rsquo;indiff\u00e9rence.<\/span><\/p>\n<\/div><\/div>\n<\/div><\/div><\/div>\n\n\n\n<div class=\"wp-block-stackable-column stk-block-column stk-column stk-block stk-be8c29a\" data-v=\"4\" data-block-id=\"be8c29a\"><div class=\"stk-column-wrapper stk-block-column__content stk-container stk-be8c29a-container stk--no-background stk--no-padding\"><div class=\"stk-block-content stk-inner-blocks stk-be8c29a-inner-blocks\">\n<div class=\"wp-block-cover is-light\" data-block-type=\"core\"><img decoding=\"async\" width=\"1024\" height=\"1024\" class=\"wp-block-cover__image-background wp-image-31195 size-large lazyload\" alt=\"\" data-src=\"https:\/\/www.opalelongecote.fr\/wp-content\/uploads\/2025\/05\/OLC-2023-12-17-Longe-de-Noel-4-1024x1024.jpg\" data-object-fit=\"cover\" data-srcset=\"https:\/\/www.opalelongecote.fr\/wp-content\/uploads\/2025\/05\/OLC-2023-12-17-Longe-de-Noel-4-1024x1024.jpg 1024w, https:\/\/www.opalelongecote.fr\/wp-content\/uploads\/2025\/05\/OLC-2023-12-17-Longe-de-Noel-4-300x300.jpg 300w, https:\/\/www.opalelongecote.fr\/wp-content\/uploads\/2025\/05\/OLC-2023-12-17-Longe-de-Noel-4-150x150.jpg 150w, https:\/\/www.opalelongecote.fr\/wp-content\/uploads\/2025\/05\/OLC-2023-12-17-Longe-de-Noel-4-768x768.jpg 768w\" data-sizes=\"(max-width: 1024px) 100vw, 1024px\" src=\"data:image\/svg+xml;base64,PHN2ZyB3aWR0aD0iMSIgaGVpZ2h0PSIxIiB4bWxucz0iaHR0cDovL3d3dy53My5vcmcvMjAwMC9zdmciPjwvc3ZnPg==\" style=\"--smush-placeholder-width: 1024px; --smush-placeholder-aspect-ratio: 1024\/1024;\" \/><span aria-hidden=\"true\" class=\"wp-block-cover__background has-background-dim\" style=\"background-color:#8b8f8d\"><\/span><div class=\"wp-block-cover__inner-container is-layout-flow wp-block-cover-is-layout-flow\">\n<p class=\"has-text-align-center has-large-font-size\" data-block-type=\"core\"><span style=\"color: var(--theme-palette-color-8, #ffffff);\" class=\"stk-highlight\">Contre les vagues \u00e0 l&rsquo;\u00c2me, la diff\u00e9rence, l&rsquo;indiff\u00e9rence.<\/span><\/p>\n<\/div><\/div>\n<\/div><\/div><\/div>\n<\/div><div class=\"stk-block-carousel__buttons\"><button class=\"stk-block-carousel__button stk-block-carousel__button__prev\" aria-label=\"Previous slide\"><svg aria-hidden=\"true\" focusable=\"false\" data-prefix=\"fas\" data-icon=\"chevron-left\" class=\"svg-inline--fa fa-chevron-left\" xmlns=\"http:\/\/www.w3.org\/2000\/svg\" viewBox=\"0 0 320 512\" width=\"32\" height=\"32\"><path d=\"M34.52 239.03L228.87 44.69c9.37-9.37 24.57-9.37 33.94 0l22.67 22.67c9.36 9.36 9.37 24.52.04 33.9L131.49 256l154.02 154.75c9.34 9.38 9.32 24.54-.04 33.9l-22.67 22.67c-9.37 9.37-24.57 9.37-33.94 0L34.52 272.97c-9.37-9.37-9.37-24.57 0-33.94z\"><\/path><\/svg><\/button><button class=\"stk-block-carousel__button stk-block-carousel__button__next\" aria-label=\"Next slide\"><svg aria-hidden=\"true\" focusable=\"false\" data-prefix=\"fas\" data-icon=\"chevron-right\" class=\"svg-inline--fa fa-chevron-right\" xmlns=\"http:\/\/www.w3.org\/2000\/svg\" viewBox=\"0 0 320 512\" width=\"32\" height=\"32\"><path d=\"M285.476 272.971L91.132 467.314c-9.373 9.373-24.569 9.373-33.941 0l-22.667-22.667c-9.357-9.357-9.375-24.522-.04-33.901L188.505 256 34.484 101.255c-9.335-9.379-9.317-24.544.04-33.901l22.667-22.667c9.373-9.373 24.569-9.373 33.941 0L285.475 239.03c9.373 9.372 9.373 24.568.001 33.941z\"><\/path><\/svg><\/button><\/div><\/div><div class=\"stk-block-carousel__dots\" role=\"list\" data-label=\"Slide %%d\"><\/div><\/div><\/div>\n\n\n\n<div class=\"wp-block-stackable-spacer stk-block-spacer stk--no-padding stk-block stk-96ec32e\" data-block-id=\"96ec32e\"><style>.stk-96ec32e {height:13px !important;}@media screen and (max-width: 1023px){.stk-96ec32e {height:70px !important;}}<\/style><\/div>\n\n\n\n<div class=\"wp-block-columns is-layout-flex wp-container-core-columns-is-layout-28f84493 wp-block-columns-is-layout-flex\" data-block-type=\"core\">\n<div class=\"wp-block-column has-global-padding is-layout-constrained wp-block-column-is-layout-constrained\" style=\"flex-basis:66.66%\" data-block-type=\"core\">\n<figure class=\"wp-block-video\" data-block-type=\"core\"><video controls src=\"https:\/\/www.opalelongecote.fr\/2025%2005%2009%20Frederic\/OLC%20Pr%C3%A9sentation%202025%20complet(1).mp4\"><\/video><\/figure>\n<\/div>\n\n\n\n<div class=\"wp-block-column has-global-padding is-layout-constrained wp-block-column-is-layout-constrained\" style=\"flex-basis:33.33%\" data-block-type=\"core\">\n<p class=\"has-text-align-center\" data-block-type=\"core\"><span style=\"color: #105994;\" class=\"stk-highlight\">Agenda<\/span><\/p>\n\n\n\n<div class=\"wp-block-group has-global-padding is-content-justification-left is-layout-constrained wp-container-core-group-is-layout-12dd3699 wp-block-group-is-layout-constrained\" data-block-type=\"core\"><\/div>\n\n\n\n<ul class=\"wp-block-list is-style-checkmark-list\" data-block-type=\"core\">\n<li class=\"has-medium-font-size\" data-block-type=\"core\">Mercredi 14 Mai 2025\n<ul class=\"wp-block-list\" data-block-type=\"core\">\n<li data-block-type=\"core\">Sortie Sp\u00e9ciale avec la TELEVISION ALLEMANDE \u00e0 18h30<\/li>\n<\/ul>\n<\/li>\n\n\n\n<li class=\"has-medium-font-size\" data-block-type=\"core\"><strong>Samedi 17 Mai 2025<\/strong>\n<ul class=\"wp-block-list\" data-block-type=\"core\">\n<li data-block-type=\"core\">Sortie Sp\u00e9ciale ESTACADE<\/li>\n<\/ul>\n<\/li>\n\n\n\n<li class=\"has-medium-font-size\" data-block-type=\"core\"><strong>Samedi 24 et 31 Mai 2025<\/strong>\n<ul class=\"wp-block-list\" data-block-type=\"core\">\n<li data-block-type=\"core\">Les JOURNEES COHESIONS et FORMATIONS ENCADREMENTS<\/li>\n<\/ul>\n<\/li>\n\n\n\n<li class=\"has-medium-font-size\" data-block-type=\"core\"><strong>Les Mercredi \u00e0 partir du 21\/05\/2025<\/strong>\n<ul class=\"wp-block-list\" data-block-type=\"core\">\n<li data-block-type=\"core\">Les soir\u00e9es DECOUVERTES Nage avec palmes (selon m\u00e9t\u00e9o et disponibilit\u00e9)<\/li>\n<\/ul>\n<\/li>\n<\/ul>\n<\/div>\n<\/div>\n\n\n\n<p class=\"has-large-font-size\" data-block-type=\"core\"><a href=\"https:\/\/www.reservons.com\/club\/221-opale-longe-cote\/avis\/\" data-type=\"link\" data-id=\"https:\/\/www.reservons.com\/club\/221-opale-longe-cote\/avis\/\" target=\"_blank\" rel=\"noreferrer noopener\">Avis suite \u00e0 un bapt\u00eame <\/a><\/p>\n\n\n\n<div class=\"wp-block-stackable-progress-bar stk-block-progress-bar stk-block stk-601d823 stk-block-background\" data-block-id=\"601d823\"><style>.stk-601d823 {border-top-left-radius:15px !important;border-top-right-radius:15px !important;border-bottom-right-radius:15px !important;border-bottom-left-radius:15px !important;overflow:hidden !important;box-shadow:0px 10px 60px rgba(0, 0, 0, 0.1) !important;min-height:64px !important;align-items:center !important;padding-top:9px !important;padding-right:9px !important;padding-bottom:9px !important;padding-left:9px !important;display:flex !important;}.stk-601d823 .stk-progress-bar{--progress-max:5 !important;--progress-value:4.9% !important;--progress-color-1:#105994 !important;--progress-size:49px !important;--progress-bar-width:100% !important;--progress-border-radius:8px !important;}.stk-601d823 .stk-progress-bar__inner-text{font-size:36px !important;color:#ffffff !important;}@media screen and (max-width: 1023px){.stk-601d823 .stk-progress-bar__inner-text{font-size:36px !important;}}<\/style><div class=\"stk-block-progress-bar__container has-text-align-left\"><div class=\"stk-progress-bar stk--with-animation\" role=\"progressbar\" aria-valuemin=\"0\" aria-valuemax=\"100\" aria-valuenow=\"4.9\" aria-valuetext=\"Avis suite \u00e0 un bapt\u00eame \"><div class=\"stk-progress-bar__bar\"><span class=\"stk-progress-bar__inner-text has-text-color stk-progress-bar__text\"><\/span><span class=\"stk-progress-bar__inner-text has-text-color stk-progress-bar__progress-value-text\">Note 4.9 sur 5 (Plus 300 Avis)<\/span><\/div><\/div><\/div><\/div>\n<\/div><\/div><\/div>\n<\/div><\/div>\n\n\n\n<p data-block-type=\"core\"><\/p>\n","protected":false},"excerpt":{"rendered":"<p>Agenda Avis suite \u00e0 un bapt\u00eame Note 4.9 sur 5 (Plus 300 Avis)<\/p>\n","protected":false},"author":1,"featured_media":0,"parent":0,"menu_order":0,"comment_status":"closed","ping_status":"closed","template":"","meta":{"footnotes":""},"class_list":["post-459","page","type-page","status-publish","hentry"],"_links":{"self":[{"href":"https:\/\/www.opalelongecote.fr\/index2.php\/wp-json\/wp\/v2\/pages\/459","targetHints":{"allow":["GET"]}}],"collection":[{"href":"https:\/\/www.opalelongecote.fr\/index2.php\/wp-json\/wp\/v2\/pages"}],"about":[{"href":"https:\/\/www.opalelongecote.fr\/index2.php\/wp-json\/wp\/v2\/types\/page"}],"author":[{"embeddable":true,"href":"https:\/\/www.opalelongecote.fr\/index2.php\/wp-json\/wp\/v2\/users\/1"}],"replies":[{"embeddable":true,"href":"https:\/\/www.opalelongecote.fr\/index2.php\/wp-json\/wp\/v2\/comments?post=459"}],"version-history":[{"count":20,"href":"https:\/\/www.opalelongecote.fr\/index2.php\/wp-json\/wp\/v2\/pages\/459\/revisions"}],"predecessor-version":[{"id":31261,"href":"https:\/\/www.opalelongecote.fr\/index2.php\/wp-json\/wp\/v2\/pages\/459\/revisions\/31261"}],"wp:attachment":[{"href":"https:\/\/www.opalelongecote.fr\/index2.php\/wp-json\/wp\/v2\/media?parent=459"}],"curies":[{"name":"wp","href":"https:\/\/api.w.org\/{rel}","templated":true}]}}